01
In base 4, what is 1233 - 103?
1130
In base 3, what is -1002110 + 10?
-1002100
In base 15, what is -a + 10?
5
In base 3, what is 110000 - 11?
102212
In base 3, what is 200 - 1102?
-202
In base 7, what is -2 + -23?
-25
In base 2, what is -10 + 10010111?
10010101
In base 7, what is -2233 - -1?
-2232
In base 10, what is 4 + -44?
-40
In base 2, what is -100001001 - -1101?
-11111100
In base 16, what is 2 + -79?
-77
In base 8, what is 7 - -301?
310
In base 4, what is 111213 + 1?
111220
In base 6, what is -155 + 213?
14
In base 11, what is -5 - 10?
-15
In base 16, what is -5 + 230?
22b
In base 8, what is 5 - 14?
-7
In base 5, what is 40 + -33?
2
In base 11, what is -3 + 3608?
3605
In base 10, what is 591 + -4?
587
In base 12, what is -1 - 76?
-77
In base 5, what is -3042 - -2?
-3040
In base 4, what is 23 + -1012?
-323
In base 12, what is -1 + -1195?
-1196
In base 11, what is -2 - -379?
377
In base 3, what is -20212 + -101?
-21020
In base 16, what is -5 - -2f5?
2f0
In base 4, what is 0 + 1302?
1302
In base 13, what is -15 + -4?
-19
In base 10, what is 4 - -71?
75
In base 12, what is 20 - -10?
30
In base 3, what is 11111010 + 0?
11111010
In base 8, what is -62 + -1?
-63
In base 9, what is 4036 - -1?
4037
In base 6, what is 10122 - 1?
10121
In base 5, what is 4 - 13040?
-13031
In base 12, what is 21 + 1?
22
In base 2, what is 1100100 - 110?
1011110
In base 11, what is 4281 - -3?
4284
In base 13, what is 5 + 3?
8
In base 3, what is 0 - 11012121?
-11012121
In base 3, what is -1011212 + 10?
-1011202
In base 16, what is 5 + -2?
3
In base 13, what is -4 - -b1?
aa
In base 9, what is 4 - -207?
212
In base 6, what is -32 - 14?
-50
In base 16, what is -462e - 2?
-4630
In base 10, what is 1232 + -4?
1228
In base 2, what is 1 - -1000?
1001
In base 4, what is 31301 - -2?
31303
In base 16, what is 9 - -3b?
44
In base 8, what is -261 + 5?
-254
In base 13, what is 2 - 58?
-56
In base 8, what is 604 - 1?
603
In base 15, what is 275 - 4?
271
In base 7, what is 1 - 13?
-12
In base 6, what is -10 - 42?
-52
In base 4, what is -113 - -1?
-112
In base 11, what is -2 + 926?
924
In base 8, what is -2 + 54?
52
In base 4, what is -2 - -313?
311
In base 5, what is -1010 - 120?
-1130
In base 11, what is 2 - 2a96?
-2a94
In base 7, what is 1153 + -3?
1150
In base 10, what is 3 + -1318?
-1315
In base 14, what is -4c - 1?
-4d
In base 6, what is -1044 + -10?
-1054
In base 16, what is -4 - 2?
-6
In base 11, what is -3 + -364?
-367
In base 12, what is -7 - 110b?
-1116
In base 8, what is -1 + -55?
-56
In base 3, what is -10100020202 + 0?
-10100020202
In base 7, what is -3 + -55?
-61
In base 9, what is -21 - -5?
-15
In base 8, what is -101 - -5?
-74
In base 14, what is 630 - 2?
62c
In base 12, what is 99 + -3?
96
In base 2, what is -1111000010 + -100?
-1111000110
In base 2, what is 11 - 1111?
-1100
In base 14, what is -10 - -b?
-3
In base 9, what is -253 + 5?
-247
In base 7, what is 0 - -206?
206
In base 12, what is 5 - -41?
46
In base 2, what is 1011100111101 - -11?
1011101000000
In base 8, what is 7 - -13?
22
In base 7, what is -3 - -431?
425
In base 16, what is 0 - -38e?
38e
In base 11, what is -181 + 27?
-155
In base 12, what is 4 + -57?
-53
In base 14, what is -ac9 + -4?
-acd
In base 8, what is -2310 - 24?
-2334
In base 6, what is -2 - 44?
-50
In base 11, what is -1 + -11a5?
-11a6
In base 12, what is -51 - -1a0?
14b
In base 8, what is -7 + -77?
-106
In base 12, what is -46 + -3?
-49
In base 4, what is 322 + 31?
1013
In base 2, what is 1001110011 + 10?
1001110101
In base 13, what is -4 + 3a?
36
In base 14, what is -5 - 2a4?
-2a9
In base 7, what is -1 - 146?
-150
In base 16, what is -6e + 6?
-68
In base 12, what is 4 - 14?
-10
In base 13, what is -c + -2?
-11
In base 5, what is 4 + 0?
4
In base 11, what is -4293 - 1?
-4294
In base 13, what is -28 - 5?
-30
In base 6, what is -14 - -100?
42
In base 7, what is -111 - -1?
-110
In base 14, what is -13c - 5?
-143
In base 15, what is -182 + -b?
-18d
In base 12, what is -3 + -164?
-167
In base 14, what is -b98 + -3?
-b9b
In base 14, what is b1 - -c?
bd
In base 2, what is -1 - -10011001010?
10011001001
In base 8, what is 45 + 4?
51
In base 8, what is 747 + -4?
743
In base 9, what is -34 - -2?
-32
In base 12, what is 6 + -160?
-156
In base 5, what is 44 - 31?
13
In base 6, what is 45 - -3113?
3202
In base 10, what is 75 - -1?
76
In base 16, what is 4 - 978?
-974
In base 15, what is 1 + 5c?
5d
In base 2, what is -1001010 + 101?
-1000101
In base 4, what is 11 - 32120?
-32103
In base 2, what is 100100111 - -110?
100101101
In base 3, what is 1021011 - 10?
1021001
In base 12, what is 3 + -15?
-12
In base 2, what is -1101011 + -110?
-1110001
In base 11, what is -2 + 29?
27
In base 14, what is -4 + -b7?
-bb
In base 11, what is 263 + -1?
262
In base 14, what is 0 + -51?
-51
In base 2, what is -1000 - 11101?
-100101
In base 11, what is 2a - 10?
1a
In base 14, what is -4d - 8?
-57
In base 14, what is -3 - 134?
-137
In base 2, what is 11011111 - 1000?
11010111
In base 16, what is -bd + -3?
-c0
In base 9, what is -3 - 103?
-106
In base 9, what is 1 + -158?
-157
In base 8, what is 3 + 115?
120
In base 4, what is -1 + -131120?
-131121
In base 2, what is 100 + 10000001?
10000101
In base 14, what is 14 + -4?
10
In base 11, what is 6 - 61?
-56
In base 16, what is 2f3 + 5?
2f8
In base 16, what is -16 - -37?
21
In base 7, what is 6333 + 11?
6344
In base 11, what is 0 - 51?
-51
In base 14, what is 1 + -82?
-81
In base 15, what is 7 - 5?
2
In base 14, what is d7 - -6?
dd
In base 11, what is -17 - 172?
-189
In base 4, what is 123 - -31?
220
In base 2, what is 110 - 111111010?
-111110100
In base 12, what is 25 + 16?
3b
In base 15, what is 5ccc + 5?
5cd2
In base 6, what is -24 - 112?
-140
In base 11, what is 4 - -264?
268
In base 11, what is 2 + 40?
42
In base 10, what is 4 + 173?
177
In base 2, what is 1011111 + 100?
1100011
In base 3, what is 110 - 1222?
-1112
In base 2, what is -1000111 + -1?
-1001000
In base 15, what is -92b - 1?
-92c
In base 11, what is -7 + -1a?
-26
In base 3, what is -10 + -2221?
-10001
In base 14, what is 0 - -bd?
bd
In base 4, what is 30311 + 1?
30312
In base 6, what is -1452 + -5?
-1501
In base 7, what is 2062 + -23?
2036
In base 9, what is 5 - -2?
7
In base 13, what is 5 - -15?
1a
In base 4, what is 2 - 3302?
-3300
In base 2, what is 11101010 + -10?
11101000
In base 13, what is 19 - -10?
29
In base 16, what is -2 + -7bd?
-7bf
In base 15, what is -1633 + -1?
-1634
In base 5, what is -1240 + -22?
-1312
In base 8, what is 3 - -1624?
1627
In base 13, what is -2 - 70?
-72
In base 6, what is 10 + -4143?
-4133
In base 3, what is 101 + -22?
2
In base 10, what is 6 - -539?
545
In base 7, what is 250 - -61?
341
In base 13, what is -3 + 1503?
1500
In base 4, what is -121 + 2002?
1221
In base 3, what is 0 - -10211?
10211
In base 11, what is -2536 - -9?
-2528
In base 11, what is -3 - 20?
-23
In base 8, what is -4331 - 5?
-4336
In base 14, what is -2ac9 + 5?
-2ac4
In base 6, what is -154 + -2?
-200
In base 15, what is 2 - 29?
-27
In base 13, what is -2 + 5b4?
5b2
In base 4, what is 10 + -1020?
-1010
In base 11, what is -8 + 446?
439
In base 4, what is -11 + 103?
32
In base 14, what is -16a + 53?
-117
In base 9, what is 35 - 0?
35
In base 2, what is -110100 + 100000?
-10100
In base 2, what is -100011110 + -1?
-100011111
In base 8, what is -4465 - -5?
-4460
In base 16, what is 40 - -3?
43
In base 9, what is -8 + 2462?
2453
In base 8, what is 303 + 3?
306
In base 4, what is 11 - 11?
0
In base 13, what is -13c8 + -2?
-13ca
In base 5, what is -3413 + 4?
-3404
In base 14, what is -bd2 + -3?
-bd5
In base 13, what is a + -89?
-7c
In base 8, what is 4 + 12560?
12564
In base 12, what is -945 - 5?
-94a
In base 4, what is 11 - -112?
123
In base 5, what is -10021 - -10?
-10011
In base 3, what is -101000 + -2012?
-110012
In base 2, what is -10011 + 0?
-10011
In base 9, what is -231 - 5?
-236
In base 6, what is -10 + 2225?
2215
In base 14, what is -5 - -36d?
368
In base 2, what is -111000 - 11001?
-1010001
In base 12, what is -4 + 1b8?
1b4
In base 12, what is -2887 + 3?
-2884
In base 3, what is 12 + -10121020?
-10121001
In base 9, what is -40 - -6?
-33
In base 4, what is -1131 - 0?
-1131
In base 3, what is 1112 + 0?
1112
In base 9, what is 3 - -745?
748
In base 3